 + -12. Let m = 9 + i. Suppose -4 = -0*d - m*d + 5*u, 5*u = 2*d - 1. Let n(f) = -f**2 + f + 4. Calculate n(d).
-2
Let l(t) be the third derivative of -t**4/24 + t**3/2 + t**2. Let h = -54 + 61. Give l(h).
-4
Let b(n) = 2*n + 2. Let y(j) = j**2 - j - 1. Let u be y(1). Let l be 2 + u + 5 + -3. Give b(l).
8
Let z(v) = v**2 - 6*v - 10. Let w be z(8). Suppose 0 = -5*r - w - 14. Let x be r - 4/(-6)*-3. Let y(h) = -h - 1. Give y(x).
5
Let d = -2 + 2. Let j(p) = p**2 + 5. Let r be j(d). Let m(k) = -k**3 + 5*k**2 + k - 7. What is m(r)?
-2
Let y = -13 - -19. Let l(a) = a**2 - 6*a - 6. Give l(y).
-6
Let d be (8/2)/(6/6). Suppose -h - 14 = -3*h + 5*f, -7 = -3*h + d*f. Let u(s) = 0 + 3*s**2 - 5*s**2 - s**3 + s - 3. What is u(h)?
3
Suppose -4 = -0*j - 2*j, -5*f + 4*j + 12 = 0. Let o(z) = 2*z + f + 2*z + 0*z**2 + z**2. Calculate o(-4).
4
Let k(y) = -y**2 - y. Let u(p) = p**2 + p + 2. Let h(a) = -2*k(a) - u(a). Give h(0).
-2
Let p(z) = z**3 - 5*z**2 + z + 4. Let x(n) = -32 - 4*n + 32. Let o be x(-1). Calculate p(o).
-8
Let a(q) = -q + 5. Let f be a(3). Let u = f + -4. Let l(b) = -b**3 - 5*b**2 + 8*b - 7. Let s(p) = p**2 - p + 1. Let d(x) = -l(x) - 6*s(x). What is d(u)?
-7
Let c(n) = 3*n - 6. Let s be c(4). Suppose s = -5*h - 14. Let m be 30/h*(-2)/(-3). Let u(x) = x + 3. Calculate u(m).
-2
Let a(w) be the second derivative of -w**6/120 - w**5/20 + w**4/8 + 3*w**2/2 + 2*w. Let b(v) be the first derivative of a(v). Determine b(-3).
-9
Let v = 7 + -12. Let u = 7 - 5. Let j(b) = 0*b**2 - 5*b**2 - b**3 + 0*b**u - 6. Calculate j(v).
-6
Let z(a) = -a. Let t be (-3 + (-40)/(-12))*3. Let b be (-1)/((-3)/t + 2). What is z(b)?
-1
Let m(t) = 2*t**3 + t**2. Let k be m(1). Suppose 5*x - k*x = -10. Let r(w) = 0*w**2 + 0*w**2 - 4*w + 2 - 1 + w**3 + 4*w**2. Calculate r(x).
-4
Let f(s) = -4*s + 14. Let x(j) = 4*j - 9 + 0*j - j - 5. Let p(l) = 2*f(l) + 3*x(l). Give p(6).
-8
Let o = 25 + -18. Suppose -3*q = -6 + 3. Suppose o = -2*d + q. Let u(a) = -a**2 - 3*a - 2. Determine u(d).
-2
Let t(m) be the first derivative of m**3/6 + m**2/2 + 4*m - 7. Let w(b) be the first derivative of t(b). Determine w(-6).
-5
Let g(t) = -4*t**3 - 3*t**2 + 5*t - 2. Let j(l) = -l**3 + l - 1. Let w(b) = -g(b) + 5*j(b). Give w(3).
-3
Let l(i) = i**3 + 3*i**2 + i - 3. Let w be 3 - (-5)/((-15)/(-21)). Let f = -13 + w. Determine l(f).
-6
Let d be (40/12)/(1/(-9)). Let z be (-4)/d + (-32)/15. Let o(g) be the third derivative of -g**6/120 + g**4/24 + g**3/3 + 2*g**2. Calculate o(z).
8
Let v be 7 + -4 + (-4)/2. Let x(z) = -1. Let o(a) = -a + 10. Let h(n) = v*x(n) - o(n). Determine h(5).
-6
Let w be (-6)/(-15)*(5 + 15). Let l(q) = -2*q + 8. Calculate l(w).
-8
Let s(c) = -c**2 + 2*c + 1. Let b(m) = -3*m - 1. Let u(a) = 2*b(a) + 3*s(a). Suppose -4*i - 4 = -3*i. Let y = -3 - i. Calculate u(y).
-2
Let x(b) be the third derivative of b**7/2520 - b**6/360 - b**5/20 - 4*b**2. Let w(c) be the third derivative of x(c). Determine w(2).
2
Let k(h) = h - 2. Suppose 4*i = 4*j - 8, j + 0*i = -4*i + 2. Let p be k(j). Let q(y) = p*y - 3 + 2*y - 2. Calculate q(5).
5
Let b(c) = c**2 + 7*c + 6. Let w be b(-6). Suppose 3*s + 32 + 19 = w. Let n be (-8)/20 + s/(-5). Let a(p) = -p**3 + 2*p**2 + 2*p - 2. Calculate a(n).
-5
Let g = -26 + 36. Suppose -g = -0*y - 5*y. Suppose 0 = n - y - 2. Let w(x) = x**2 - 5*x + 3. What is w(n)?
-1
Suppose -2*o - 2*o - 8 = 0. Let r(w) = -2 + w + 2*w + 1. Calculate r(o).
-7
Let p(k) = 3*k - 5. Let m(r) = 1. Let z(l) = 6*m(l) + p(l). Suppose 4*t = -0*t + 12. Let g = 5 - t. Calculate z(g).
7
Suppose -j = 2*d - 3, -d + 5*j - j - 12 = 0. Suppose 4*b = -d*b + 20. Let m(y) = -y**3 + 3*y**2 + 6*y + 7. What is m(b)?
-13
Let v = 5 - 2. Let q be (-2 + v)*1*-1. Let a(y) = -y**3 - y**2 - 2*y - 1. Give a(q).
1
Let u = -4 - -4. Let s(d) be the second derivative of 0*d**3 - 1/2*d**2 + 0 - 2*d - 1/12*d**4 - 1/20*d**5. Give s(u).
-1
Suppose -4*n - 34 = 2*r, -2*n + 5*n + 4*r = -38. Let z(j) be the second derivative of j**5/20 + j**4/2 - j**3/3 - j**2 + 26*j + 2. Determine z(n).
10
Let q(j) = -j**3 - j**2 + j. Let t(k) = 3*k**3 + 6*k**2 - 9*k - 2. Let c(i) = 2*q(i) + t(i). Calculate c(-5).
8
Let d(t) = t**2 - 4*t - 8. Suppose 3*f = 9, -5*j + 4*f + 13 + 5 = 0. Let b be d(j). Let k be 2/3 + b/12. Let y(a) = 8*a**2 + a - 1. Calculate y(k).
8
Let m(t) = -5. Let l(d) = -d. Let k(w) = -l(w) + m(w). What is k(6)?
1
Let v(a) = -2*a + a - a**2 + 2*a + 3. Let w = 2 - -1. Give v(w).
-3
Suppose 2*c + 33 + 19 = 0. Let m = c + 16. Let n(h) = h**3 + 10*h**2 - h - 8. Let t be n(m). Let i(s) = -s**2 - 2*s + 1. Determine i(t).
-7
Let b(k) = 3*k**3 - 2*k**3 + 0*k + k. Let p(t) = -t**3 - 3*t - 2. Let r(a) = -2*b(a) - p(a). Let z(w) = -w + 2. Let u be z(2). Determine r(u).
2
Suppose 2*i = -2*n + 16, -3*n + 2*i + 3*i - 16 = 0. Let q(w) be the first derivative of -2 + 1/3*w**n + 1/4*w**4 + 4*w - 1/2*w**2. What is q(0)?
4
Let o = -39 + 36. Let k(q) = q**2 + q - 4. Calculate k(o).
2
Suppose -4*x + 0*l = 3*l + 11, 4*x = 3*l - 5. Let v be (0 + x)*(-12)/(-8). Let m(u) = -u**2 - 3*u + 1. Determine m(v).
1
Let m(q) = q**2 - 3*q - 8. Let l(n) = 6*n**2 - 2*n - 2. Let s be l(-1). Suppose -3*t + 4*c = -22, 2*c = t + s*c - 2. What is m(t)?
10
Let m(f) = 18*f - 14. Let n(b) = -6*b + 5. Let v(h) = 4*m(h) + 11*n(h). Calculate v(1).
5
Let n be (-1)/4 + (-10)/(-8). Let g = n + 3. Let b(w) be the second derivative of -w**3/2 + 3*w**2/2 - 5*w. What is b(g)?
-9
Let b(y) = 9*y**2 - 9*y + 5. Let q(m) = 5*m**2 - 5*m + 3. Let k(p) = 4*b(p) - 7*q(p). Suppose -3*l - l = 0. Suppose 0*f + 2*f + 4 = l. What is k(f)?
5
Let n(c) = -2*c**2 + c - 1. Let z(y) = -2*y + 6*y + 1 - y**3 - y + y**2 - y. Let a be z(2). Give n(a).
-2
Let d(i) be the first derivative of i**4/4 - 4*i**3/3 - i**2/2 - 2*i + 22. What is d(4)?
-6
Let r(o) = -2*o - 6. Suppose 11 + 13 = -3*s. What is r(s)?
10
Let s(u) be the second derivative of -7*u**5/20 - u**4/3 + u**3/6 + 5*u**2/2 - 3*u. Let a(w) = 6*w**3 + 5*w**2 - w - 6. Let g(v) = 4*a(v) + 5*s(v). Give g(-1).
11
Suppose -5*y + h + 28 = 5*h, -5*y + 4*h = -12. Let t(w) = -3 - 5*w + 0*w**2 + 2*w**2 + 0*w**2. Determine t(y).
9
Suppose 2*c = 4*c + 10. Let i(u) = 15*u + 15*u - 63*u + 22*u + 13*u. Determine i(c).
-10
Let x(w) = 0*w + 8*w - 7*w. Determine x(5).
5
Let u(s) be the third derivative of -2*s**2 + 7/6*s**3 + 1/4*s**4 + 0*s + 0 + 1/60*s**5. Determine u(-5).
2
Suppose 1 = -4*k - 23. Let a(c) = 2*c + 8. Calculate a(k).
-4
Let r(h) be the third derivative of h**6/120 + h**5/12 - h**4/4 + h**3/6 + 23*h**2. Suppose 2*a + 3 = -9. Give r(a).
1
Let w(o) = -o + 12. Let h(g) = -8. Let r(s) = -7*h(s) - 5*w(s). What is r(4)?
16
Let l(b) be the first derivative of -b**3/3 + 4*b**2 - 5*b + 3. Calculate l(5).
10
Let y(u) = -2*u - 2. Let x(p) = p**3 + 5*p**2 + 6*p + 4. Suppose -t + 1 = 5. Let l be x(t). Determine y(l).
6
Let k(v) = -5*v - 4. Let r(x) = 3*x + 2. Let j(a) = 4*k(a) + 7*r(a). Calculate j(-5).
-7
Suppose -5*k - 3*j + 18 = -5*j, -20 = -2*k + 4*j. Let p be 2 - (k - (3 - 4)). Let h(g) = g. What is h(p)?
-1
Suppose -4 = c - 2. Let p be (-45)/(-12) + c/(-8). Let f(g) = g + 3 - 2 + 5*g**2 - g**2 - g**3. Determine f(p).
5
Let x(z) = -z**3 - 2*z**2 - 2*z**2 + z**2 + 2*z. Determine x(-2).
-8
Let p(b) = -b - 2. Suppose -g + 9 = 13. Give p(g).
2
Let l(z) = -15*z**3 - 6*z**3 + 20*z**3 - 1 - z**2 - z. What is l(-3)?
20
Let t(v) be the second derivative of v**3/2 - 4*v**2 + 3*v. What is t(8)?
16
Let j(w) = 7*w**3 - w - 1. Let o be j(-1). Let n(h) = 6*h + 21. Let v(d) = 4*d + 14. Let y(c) = o*v(c) + 5*n(c). Calculate y(-6).
-5
Let z(y) = -y**3 - 7*y**2 - y - 7. Let h(b) = b**2 + 1. Let f(k) = 6*h(k) + z(k). Let d = -14 - -9. Let g = d - -5. Calculate f(g).
-1
Let f(g) be the first derivative of g**2/2 + 5*g - 7. What is f(-4)?
1
Let b(m) = 2*m + 10. Let q(y) = 3*y + 9. Let n(h) = 2*b(h) - 3*q(h). Let p(l) = -2*l - 4. Let c(d) = 3*n(d) - 5*p(d). Give c(2).
-11
Let c(w) = -2*w**2 - 7*w - 2. Let r(p) = -p**2. Let u(d) = -c(d) + 3*r(d). Let b be u(7). Let q(z) = 1 - 5 - 4*z**b + 3*z**2 + 6*z. What is q(5)?
1
Let p(m) be the first derivative of m**2/2 - 4*m - 2. Let u be 0/(-11) + 1*-5. Determine p(u).
-9
Suppose c + 3*c = 12. Let b(f) = c*f - f - 2*f**2 - 2 + 3*f**2. Suppose h - 2*h - 3 = 0. Calculate b(h).
1
Suppose -2*y + y + 15 = 0. Suppose 12 = 2*p + 2*c - 4*c, c